hird derivative of y**5/60 - 7*y**4/24 + y**3/3 + 5*y**2. Let q be k(8). Suppose q + 5 = c. What is the units digit of c?
5
Let o(a) = 4*a**2 - 52*a + 41. What is the hundreds digit of o(-20)?
6
Let o(j) be the third derivative of -j**6/120 - 3*j**5/20 - j**4/12 + 2*j**3 + 8*j**2. What is the units digit of o(-9)?
0
Let p be 44 + 1*(-4 + 3). Suppose -3*t + 6 = 0, -3*r + 200 = -3*t - p. Suppose -12 = -5*v + r. What is the units digit of v?
9
Let l(y) = 16*y + 41. Let s(q) = -11*q - 27. Let j(w) = 5*l(w) + 7*s(w). What is the units digit of j(6)?
4
Suppose 0*d - 2*k = -d + 79, 4*d + 5*k = 342. Suppose p - d + 19 = 0. Suppose 2 = 2*y - p. What is the units digit of y?
3
Suppose 56 = -5*x + 286. Suppose -41*r = -x*r + 80. What is the units digit of r?
6
Suppose -s + 34 = 4*s + 3*f, 2*f - 6 = 0. Suppose -t = 5*d - 589, -64 = -2*d - s*t + 190. What is the hundreds digit of d?
1
Suppose 40*r = 44*r - 580. Suppose 7*m - r = 6*m. What is the units digit of m?
5
Let k = -158 - -254. Suppose -2*h = -k - 0. What is the units digit of h?
8
Suppose 2*a = 15*g - 19*g + 198, g - 2*a - 37 = 0. What is the units digit of g?
7
Suppose -4*r - a - 2*a = 251, -4*a - 248 = 4*r. Let m = -35 - r. What is the tens digit of m?
3
Let u = 11 - 9. Suppose 4 = -2*s, 2*m + u = -3*s - 0. Let w = m + 1. What is the units digit of w?
3
Let b(r) = 10*r**2 - 3 - 25*r**2 + 14*r**2 + 6 - 27*r. What is the tens digit of b(-14)?
8
Let w be (8/(-5 - -9))/(2/(-85)). Let f = w + 181. What is the units digit of f?
6
Suppose 3279 + 2137 = 4*t + 2*k, 4*k = -16. What is the thousands digit of t?
1
Suppose -39*y + 10 = -34*y. Suppose s = -y*s + 5*f + 81, -4*f + 81 = 3*s. Suppose -56 = s*d - 28*d. What is the units digit of d?
6
Suppose 17384 = 33*x - 21655. What is the units digit of x?
3
Let w = 53 + -20. Let g = -1 - w. Let x = -6 - g. What is the tens digit of x?
2
Suppose -2*l - u = l - 100, l - 20 = 3*u. Let k be l - (-1)/(-2)*-4. Suppose 0 = -c - 4*d + k, 0 = c - d - 0*d - 19. What is the tens digit of c?
2
Let u be 4*6/(3 - -9). Suppose 5*s + 3*w = 181, 5*s - 183 = -6*w + u*w. What is the units digit of s?
5
Let y(n) = 2*n**2 - 6*n + 2 + 2*n + 2*n. What is the units digit of y(2)?
6
Suppose -3*f = 2*z - 16, 5*z + 5*f - 6*f = 23. Suppose -17 = -y - z*r, -2*y = 3*y + 4*r - 43. Let u(o) = o + 9. What is the units digit of u(y)?
6
Suppose 5*o - 1636 = -3*b + o, -4*b = 2*o - 2178. What is the tens digit of b?
4
Let h(u) = 2*u**3 - 3*u**2 + 6*u - 6. What is the tens digit of h(5)?
9
Let y(o) = 2*o**2 + 3*o + 19. Suppose -2*f = 1 - 13. What is the tens digit of y(f)?
0
Suppose -j = 2*j + 2*b - 742, -4*j - 2*b + 986 = 0. What is the tens digit of j?
4
Suppose -51 = -2*w + 131. Let h = -35 + w. What is the units digit of h?
6
Suppose 48*o - 16855 = -727. What is the units digit of o?
6
Let b = 43 + -88. Suppose 0 = -4*z - r - 223 - 28, z = -5*r - 58. Let a = b - z. What is the tens digit of a?
1
Let z = 70 - -5. What is the units digit of z?
5
Let a(q) = q**2 + 22*q + 22. Let f be a(-12). Let m = f + 160. What is the units digit of m?
2
Let q(c) = -c**3 - 20*c**2 - 31*c + 63. What is the units digit of q(-19)?
1
Let j(n) = -8*n + 9. Let x(k) = 17*k - 18. Let p(q) = 13*j(q) + 6*x(q). Let b be p(6). What is the units digit of 4/(4/13) - b?
6
Suppose 10*a - 4*d - 14 = 9*a, 3*a - 9 = d. Let b(y) = 164*y - 7. What is the units digit of b(a)?
1
Suppose -1 = -n + 2. Let g(q) = 17*q**2 - 3*q + 3. What is the units digit of g(n)?
7
Let p be (-1188)/(-17) + (-48)/(-408). Suppose -c - p = 5*g - 304, -2*c + 54 = g. What is the tens digit of g?
4
Let m = -8 - -13. Let r be 7/2*(m + -3). Suppose 2*a = 4*b + 10, a = 4*b - 3*b + r. What is the units digit of a?
9
Let h(y) = -125*y + 35. What is the tens digit of h(-9)?
6
Suppose 3*k - 518 = 1. What is the hundreds digit of k?
1
Suppose -b + 14 = 5*u, -4*b + 18 = -0*u + u. Let f(r) = 2*r - 4. Let k be f(u). What is the units digit of 49 - (-1 - (k + -1))?
9
Suppose -5*j + 11039 = b, -4*b + 2223 = -16*j + 17*j. What is the hundreds digit of j?
2
Let w = 13 - -1. Suppose -4*l - 3*v - 12 = -v, 0 = 5*v. What is the units digit of l + (-6)/(-4)*w?
8
Let k = 25 + -16. Let x be (k/(-5))/((-3)/10). Suppose -a + x*a - 50 = 0. What is the units digit of a?
0
What is the units digit of (26/11)/(84/924)?
6
Let y = 10848 - 6445. What is the hundreds digit of y?
4
Suppose 0 = -4*v - 0*v + 196. Let w = 14 + v. What is the tens digit of w?
6
Let n(c) be the third derivative of 37*c**4/24 + 2*c**3/3 + 25*c**2. What is the tens digit of n(4)?
5
Let l be 14 + (3 - (2 - -3)). Suppose -4*i - l = 0, v = -v - 3*i + 113. What is the tens digit of v?
6
Let z(a) = 13*a + 1. Let j be z(-1). Let b be ((-68)/34)/(4/(-34)). Let n = j + b. What is the units digit of n?
5
Suppose w + 2*w - 2*s + 53 = 0, -5*s = -3*w - 65. Let n be 9/(-6) - w/2. Suppose 4*h - 10 - n = 0. What is the units digit of h?
4
Suppose -531 = -7*s - 55. Suppose 382 = 6*o - s. What is the units digit of o?
5
Let r = -110 - -160. Suppose -4*o = -6*o + r. What is the units digit of o?
5
Suppose -3*f - 2*f + 5*h = -75, 3*h + 57 = 4*f. What is the units digit of 77 + (-9)/f*-4 - 2?
8
Suppose -n - 4*i + 408 = 0, -1645 = -4*n - 0*i - 3*i. Let a = -229 + n. What is the hundreds digit of a?
1
Let y(p) be the second derivative of -p**5/20 + 17*p**4/12 - 5*p**3/2 + 12*p**2 - p. What is the tens digit of y(16)?
4
Suppose 9 - 2 = s. Let j be 2 + (s - 3) + -3. Suppose j*b = b + 10. What is the units digit of b?
5
Let l be 3/(-3 - -4) + 0. Let j(q) = q**3 - 2*q + 5. What is the tens digit of j(l)?
2
Let f be (-3 + 2)*(6 + -5). Let d(m) = 75*m**2 + m. What is the tens digit of d(f)?
7
Let a(j) = 20*j - 65. Let d = -70 - -89. What is the hundreds digit of a(d)?
3
Suppose -66 = 3*r - 111. What is the units digit of 18/15*1250/r?
0
Suppose 3*v = a + 348 + 281, 0 = 5*v + 4*a - 1054. Suppose -2*m + q + q = -v, 4*m = -4*q + 460. What is the units digit of m?
0
Let r = 2110 - 1367. What is the units digit of r?
3
Let a(v) = -4*v + 79 - 69 + 5*v. Let x be a(-7). Suppose -27 = -2*j - x*d, -3*j + 8*j = -2*d + 62. What is the tens digit of j?
1
Let y(i) be the third derivative of -i**4/24 + 8*i**3/3 - 21*i**2. What is the tens digit of y(5)?
1
Suppose 0 = 3*g + 13 + 2, 3*k - 246 = 3*g. Suppose -k*m = -71*m - 1152. What is the tens digit of m?
9
Suppose -11*p - 354 + 1861 = 0. What is the hundreds digit of p?
1
Let d(h) = -h**2 + 10*h - 8. Let a be d(9). Let z be (a/(-2))/(2/8). Let n = 4 - z. What is the units digit of n?
6
Let m(l) = 4*l**3 + 4*l**2 - l + 6. Let o(h) = h**3 - h**2 + 1. Let a(w) = -m(w) + 3*o(w). What is the units digit of a(-8)?
3
Let w be 67*(-1 + 4 - 8). Let q = -475 - w. Let p = -93 - q. What is the tens digit of p?
4
Let v(h) = h**2 - 21*h - 21. Let x be v(22). What is the hundreds digit of (x + 13)*-35*(-22)/55?
1
Let x(u) be the third derivative of -u**5/60 + 5*u**4/6 - 2*u**3 - 31*u**2. What is the tens digit of x(14)?
7
Let r = 90 - 29. Suppose 0 = -6*t + 347 + r. What is the tens digit of t*1/(6 - 2)?
1
Suppose n = -2*r + 52 - 142, -r - 168 = 2*n. Let t = 269 + n. What is the units digit of t?
7
Let b = -39 + 32. Let h(j) = j**2 - 2*j + 24. What is the tens digit of h(b)?
8
Suppose 0*m + 843 = 3*m. What is the hundreds digit of m?
2
Let z = 9 + -4. Suppose 598 = z*i - m, 3*m = -5*i + 350 + 236. What is the hundreds digit of i?
1
Let j(l) = 2*l**2 - 11*l + 4. Let h be (-122)/10 + (-2)/(-10). Let d be (-62)/(-8) - (-9)/h. What is the units digit of j(d)?
5
Suppose a = 2*u - 4686, 2*a + 4698 = 2*u + 4*a. What is the units digit of u?
5
Let w(f) = f**2 - 7*f + 5. Let y be w(7). Let v = y - -21. What is the units digit of v?
6
Let w(u) be the second derivative of u**4/12 + 2*u**3/3 - 3*u**2 - 4*u. Let o be w(-6). Let m(i) = -i**3 + 6*i**2 + 4. What is the units digit of m(o)?
4
What is the hundreds digit of 38306/19 - 2/19?
0
Let a(k) be the first derivative of -k**4/4 + 2*k**3/3 - k**2 + k + 2. What is the tens digit of a(-3)?
5
Suppose 2*t - 725 = -3*n, -5*n + 1800 = 6*t - t. Let y = t + -182. What is the units digit of y?
3
What is the units digit of 34/4*(4 + (0 - -6))?
5
Let t(b) = b**3 + 5*b + 7. Let g be t(-4). What is the tens digit of (-89)/(-7) - 22/g?
1
Suppose -266 = z + 348. Let a = 859 + z. What is the te